{"id":61,"date":"2022-08-17T18:33:20","date_gmt":"2022-08-17T18:33:20","guid":{"rendered":"https:\/\/massagetherapymedellin.co\/?page_id=61"},"modified":"2025-12-11T09:57:59","modified_gmt":"2025-12-11T14:57:59","slug":"somos-massage-therapy-medellin","status":"publish","type":"page","link":"https:\/\/massagetherapymedellin.co\/?page_id=61","title":{"rendered":"QUIENES SOMOS"},"content":{"rendered":"\n\t<section class=\"section dark has-parallax\" id=\"section_744562733\">\n\t\t<div class=\"bg section-bg fill bg-fill  \" data-parallax-container=\".section\" data-parallax-background data-parallax=\"-5\">\n\n\t\t\t\n\t\t\t<div class=\"section-bg-overlay absolute fill\"><\/div>\n\t\t\t\n\n\t\t<\/div>\n\n\t\t\n\n\t\t<div class=\"section-content relative\">\n\t\t\t\n\n\t<div id=\"gap-165905420\" class=\"gap-element clearfix\" style=\"display:block; height:auto;\">\n\t\t\n<style>\n#gap-165905420 {\n  padding-top: 30px;\n}\n<\/style>\n\t<\/div>\n\t\n\n<div class=\"row align-center\"  id=\"row-524591054\">\n\n\n\t<div id=\"col-1172337100\" class=\"col medium-9 small-12 large-7\"  >\n\t\t\t\t<div class=\"col-inner text-center\"  >\n\t\t\t\n\t\t\t\n\n\t<div class=\"img has-hover x md-x lg-x y md-y lg-y\" id=\"image_151027900\">\n\t\t\t\t\t\t\t\t<div class=\"img-inner dark\" >\n\t\t\t<img loading=\"lazy\" decoding=\"async\" width=\"1020\" height=\"476\" src=\"https:\/\/massagetherapymedellin.co\/wp-content\/uploads\/2025\/04\/LOGO-01-1024x478.png\" class=\"attachment-large size-large\" alt=\"\" srcset=\"https:\/\/massagetherapymedellin.co\/wp-content\/uploads\/2025\/04\/LOGO-01-1024x478.png 1024w, https:\/\/massagetherapymedellin.co\/wp-content\/uploads\/2025\/04\/LOGO-01-510x238.png 510w, https:\/\/massagetherapymedellin.co\/wp-content\/uploads\/2025\/04\/LOGO-01-300x140.png 300w, https:\/\/massagetherapymedellin.co\/wp-content\/uploads\/2025\/04\/LOGO-01-768x359.png 768w, https:\/\/massagetherapymedellin.co\/wp-content\/uploads\/2025\/04\/LOGO-01.png 1081w\" sizes=\"auto, (max-width: 1020px) 100vw, 1020px\" \/>\t\t\t\t\t\t\n\t\t\t\t\t<\/div>\n\t\t\t\t\t\t\t\t\n<style>\n#image_151027900 {\n  width: 46%;\n}\n<\/style>\n\t<\/div>\n\t\n\n\t<div id=\"text-3775059758\" class=\"text\">\n\t\t\n\n<h3>Massage Therapy Medellin<\/h3>\n\t\t\n<style>\n#text-3775059758 {\n  font-size: 2rem;\n  line-height: 1;\n}\n<\/style>\n\t<\/div>\n\t\n\t<div id=\"text-2083797839\" class=\"text\">\n\t\t\n\n<p>Somos Profesionales especialistas en el tratamiento de terapias que ayudan a la regeneraci\u00f3n y rehabilitaci\u00f3n \u00f3seo-muscular mediante t\u00e9cnicas que facilitan la activaci\u00f3n de mol\u00e9culas que reducen la inflaci\u00f3n y Promoviendo el crecimiento de las mitocondrias.<\/p>\n\t\t\n<style>\n#text-2083797839 {\n  font-size: 1.3rem;\n}\n<\/style>\n\t<\/div>\n\t\n<a href=\"https:\/\/massagetherapymedellin.co\/?page_id=59\" target=\"_self\" class=\"button primary is-larger expand\"  style=\"border-radius:5px;padding:5px 20px 5px 20px;\">\n    <span>agenda tu    cita<\/span>\n  <\/a>\n\n\n<a href=\"https:\/\/api.whatsapp.com\/send?phone=573137586060&#038;text=HolaMassageTherapyMedelln\" target=\"_self\" class=\"button white is-larger expand\"  style=\"border-radius:5px;padding:5px 20px 5px 20px;\">\n    <span>habla con un asesor<\/span>\n  <\/a>\n\n\n\n\t\t<\/div>\n\t\t\t\t\t<\/div>\n\n\t\n\n<\/div>\n\n\t\t<\/div>\n\n\t\t\n<style>\n#section_744562733 {\n  padding-top: 0px;\n  padding-bottom: 0px;\n  min-height: 600px;\n}\n#section_744562733 .section-bg-overlay {\n  background-color: rgba(0, 0, 0, 0.4);\n}\n#section_744562733 .section-bg.bg-loaded {\n  background-image: url(https:\/\/massagetherapymedellin.co\/wp-content\/uploads\/2022\/08\/masseur-give-wellness-back-massage-client-spa-center.jpg);\n}\n#section_744562733 .ux-shape-divider--top svg {\n  height: 150px;\n  --divider-top-width: 100%;\n}\n#section_744562733 .ux-shape-divider--bottom svg {\n  height: 150px;\n  --divider-width: 100%;\n}\n@media (min-width:850px) {\n  #section_744562733 {\n    min-height: 654px;\n  }\n}\n<\/style>\n\t<\/section>\n\t\n\n","protected":false},"excerpt":{"rendered":"","protected":false},"author":1,"featured_media":0,"parent":0,"menu_order":0,"comment_status":"closed","ping_status":"closed","template":"page-blank.php","meta":{"om_disable_all_campaigns":false,"_monsterinsights_skip_tracking":false,"_monsterinsights_sitenote_active":false,"_monsterinsights_sitenote_note":"","_monsterinsights_sitenote_category":0,"footnotes":""},"class_list":["post-61","page","type-page","status-publish","hentry"],"aioseo_notices":[],"_hostinger_reach_plugin_has_subscription_block":false,"_hostinger_reach_plugin_is_elementor":false,"_links":{"self":[{"href":"https:\/\/massagetherapymedellin.co\/index.php?rest_route=\/wp\/v2\/pages\/61","targetHints":{"allow":["GET"]}}],"collection":[{"href":"https:\/\/massagetherapymedellin.co\/index.php?rest_route=\/wp\/v2\/pages"}],"about":[{"href":"https:\/\/massagetherapymedellin.co\/index.php?rest_route=\/wp\/v2\/types\/page"}],"author":[{"embeddable":true,"href":"https:\/\/massagetherapymedellin.co\/index.php?rest_route=\/wp\/v2\/users\/1"}],"replies":[{"embeddable":true,"href":"https:\/\/massagetherapymedellin.co\/index.php?rest_route=%2Fwp%2Fv2%2Fcomments&post=61"}],"version-history":[{"count":16,"href":"https:\/\/massagetherapymedellin.co\/index.php?rest_route=\/wp\/v2\/pages\/61\/revisions"}],"predecessor-version":[{"id":945,"href":"https:\/\/massagetherapymedellin.co\/index.php?rest_route=\/wp\/v2\/pages\/61\/revisions\/945"}],"wp:attachment":[{"href":"https:\/\/massagetherapymedellin.co\/index.php?rest_route=%2Fwp%2Fv2%2Fmedia&parent=61"}],"curies":[{"name":"wp","href":"https:\/\/api.w.org\/{rel}","templated":true}]}}